{"id":443,"date":"2012-06-18T00:00:00","date_gmt":"2012-06-17T22:00:00","guid":{"rendered":"http:\/\/szczescie.az-serwer1829889.online.pro\/larina-2\/"},"modified":"2019-02-07T22:48:25","modified_gmt":"2019-02-07T21:48:25","slug":"larina-2","status":"publish","type":"page","link":"http:\/\/szczescietymoje.pl\/main\/teczowy-most\/larina-2\/","title":{"rendered":"LARINA Szcz\u0119\u015bcie Ty Moje"},"content":{"rendered":"<p><strong><img style=\"float: left; height: 272px; width: 366px;\" title=\"\" src=\"\/main\/obrazki\/strona\/img_9156.jpg\" alt=\"\"><\/strong><\/p>\n<p><strong>LARINA<br \/>\nSzcz\u0119\u015bcie Ty Moje<\/strong><\/p>\n<p>1 x Zwyci\u0119stwo M\u0142odzie\u017cy,<br \/>\n1 x Najlepszy Junior w Rasie<\/p>\n<p>&nbsp;<\/p>\n<p>&nbsp;<\/p>\n<p>&nbsp;<\/p>\n<p>&nbsp;<\/p>\n<p>&nbsp;<\/p>\n<p><u>urodzona:<\/u> 10.04.2012r.<br \/>\n<u>zmar\u0142a:<\/u> 21.06.2016<br \/>\n<u>wzrost<\/u>: 62 cm<br \/>\n<u>waga<\/u>: 40 kg<\/p>\n<p>Suka niehodowlana<\/p>\n<p><u>Przyczyna \u015bmierci:<\/u> ch\u0142oniak<\/p>\n","protected":false},"excerpt":{"rendered":"<p>454<\/p>\n","protected":false},"author":1,"featured_media":0,"parent":406,"menu_order":106,"comment_status":"closed","ping_status":"closed","template":"","meta":{"ngg_post_thumbnail":0},"_links":{"self":[{"href":"http:\/\/szczescietymoje.pl\/main\/wp-json\/wp\/v2\/pages\/443"}],"collection":[{"href":"http:\/\/szczescietymoje.pl\/main\/wp-json\/wp\/v2\/pages"}],"about":[{"href":"http:\/\/szczescietymoje.pl\/main\/wp-json\/wp\/v2\/types\/page"}],"author":[{"embeddable":true,"href":"http:\/\/szczescietymoje.pl\/main\/wp-json\/wp\/v2\/users\/1"}],"replies":[{"embeddable":true,"href":"http:\/\/szczescietymoje.pl\/main\/wp-json\/wp\/v2\/comments?post=443"}],"version-history":[{"count":2,"href":"http:\/\/szczescietymoje.pl\/main\/wp-json\/wp\/v2\/pages\/443\/revisions"}],"predecessor-version":[{"id":8296,"href":"http:\/\/szczescietymoje.pl\/main\/wp-json\/wp\/v2\/pages\/443\/revisions\/8296"}],"up":[{"embeddable":true,"href":"http:\/\/szczescietymoje.pl\/main\/wp-json\/wp\/v2\/pages\/406"}],"wp:attachment":[{"href":"http:\/\/szczescietymoje.pl\/main\/wp-json\/wp\/v2\/media?parent=443"}],"curies":[{"name":"wp","href":"https:\/\/api.w.org\/{rel}","templated":true}]}}