{"id":221,"date":"2009-11-09T00:00:00","date_gmt":"2009-11-08T23:00:00","guid":{"rendered":"http:\/\/szczescie.az-serwer1829889.online.pro\/13-krajowa-wystawa-psow-rasowych-w-gdyni-2\/"},"modified":"2019-02-07T08:58:48","modified_gmt":"2019-02-07T07:58:48","slug":"13-krajowa-wystawa-psow-rasowych-w-gdyni-2","status":"publish","type":"page","link":"http:\/\/szczescietymoje.pl\/main\/en\/galleries\/at-the-dog-shows\/13-krajowa-wystawa-psow-rasowych-w-gdyni-2\/","title":{"rendered":"National Dog Show Gdynia 2008"},"content":{"rendered":"<div style=\"text-align: center;\">&nbsp;Podczas 13 Krajowej Wystawy Ps\u00f3w Rasowych w Gdyni zosta\u0142am poproszona przez Zarz\u0105d Oddzia\u0142u<br \/>\nZKwP o zaprezentowanie swojej hodowli na ringu<br \/>\nhonorowym.<br \/>\n(20.07.2008 r.)<\/p>\n<p><img class=\"linia4\" title=\"\" src=\"\/main\/obrazki\/strona\/img_9066.jpg\" alt=\"\" align=\"center\" border=\"0\" hspace=\"5\" vspace=\"5\"><\/p>\n<div style=\"text-align: left;\">\nZaprezentowa\u0142am psy w mojej<br \/>\nhodowli:<\/div>\n<div style=\"text-align: left;\">ngg_shortcode_0_placeholder<\/p>\n<div style=\"text-align: center;\">\n<div style=\"text-align: justify;\">I pojawi\u0142y si\u0119 prawie<br \/>\nwszystkie szczeniaki z mojej hodowli, kt\u00f3re mieszkaj\u0105 w Tr\u00f3jmie\u015bcie.<br \/>\nMia\u0142am przyjemno\u015b\u0107 pochwali\u0107 si\u0119:<br \/>\nBONIT\u0104 &#8222;Szcz\u0119\u015bcie Ty Moje&#8221;<br \/>\n(ur. 2005)<br \/>\nGALWINEM &#8222;Szcz\u0119\u015bcie Ty Moje&#8221; (ur.<br \/>\n2006)<br \/>\nGAZ\u0104 &#8222;Szcz\u0119\u015bcie Ty Moje&#8221; (ur. 2006)<br \/>\nPIRATEM<br \/>\n&#8222;Szcz\u0119\u015bcie Ty Moje&#8221; (ur. 2008)<br \/>\nPOLARIS &#8222;Szcz\u0119\u015bcie Ty Moje&#8221;<br \/>\n(ur. 2008)<br \/>\nPRIAMEM &#8222;Szcz\u0119\u015bcie Ty Moje&#8221; (ur.<br \/>\n2008)<br \/>\nPROTONEM &#8222;Szcz\u0119\u015bcie Ty Moje&#8221; (ur.<br \/>\n2008)<\/p>\n<p>Oto kilka zdj\u0119\u0107 z rodzinnej<br \/>\nprezentacji:<\/p><\/div>\n<div style=\"text-align: justify;\">ngg_shortcode_1_placeholder<\/p>\n<div style=\"text-align: center;\">\n<div style=\"text-align: justify;\">Na koniec pokazu ku<br \/>\nnaszemu zdziwieniu odebra\u0142am puchar &#8222;dla najlepszej hodowli&#8221; z r\u0105k p.<br \/>\nBarbary Onak &#8211; przewodnicz\u0105cej Oddzia\u0142u ZKwP w Gdyni<\/div>\n<div style=\"text-align: justify;\">ngg_shortcode_2_placeholder<\/p>\n<div style=\"text-align: center;\">\n<div style=\"text-align: left;\">Kt\u00f3ry ju\u017c zaj\u0105\u0142 godne<br \/>\nmiejsce w\u015br\u00f3d innych trofe\u00f3w:<br \/>\n<img class=\"linia4\" title=\"\" src=\"\/main\/obrazki\/strona\/puchary.jpg\" alt=\"\" align=\"center\" border=\"0\" hspace=\"5\" vspace=\"5\"><\/p>\n<div style=\"text-align: justify;\">Wszystkim w\u0142a\u015bcicielom szczeni\u0105t,<br \/>\nkt\u00f3rzy znale\u017ali czas i pojawili si\u0119 na ringu honorowym wraz ze mn\u0105 w<br \/>\ntym wyj\u0105tkowym dniu serdecznie dzi\u0119kuj\u0119 i \u017cycz\u0119 wiele rado\u015bci z<br \/>\nposiadania berne\u0144czyka &#8222;od szcz\u0119\u015bciarzy&#8221;. Mam nadziej\u0119, \u017ce nasze<br \/>\n&#8222;rodzinne&#8221; kontakty nadal b\u0119dziemy utrzymywa\u0107 i jeszcze nie raz hodowla<br \/>\n&#8222;Szcz\u0119\u015bcie Ty Moje&#8221; spotka si\u0119 na rodzinnym spotkaniu &#8211; nie koniecznie<br \/>\npodczas wystawy ps\u00f3w \ud83d\ude42<\/div>\n<p>&nbsp;<\/p>\n<div style=\"text-align: right;\">Jeszcze raz wszystkim bardzo<br \/>\ndzi\u0119kuj\u0119<br \/>\nby\u0142o to dla mnie wyj\u0105tkowe<br \/>\nprze\u017cycie<\/p>\n<p>Wanda<br \/>\nCzaplewska<\/p><\/div>\n<\/div>\n<\/div>\n<\/div>\n<\/div>\n<\/div>\n<\/div>\n<\/div>\n<\/div>\n","protected":false},"excerpt":{"rendered":"<p>147<\/p>\n","protected":false},"author":1,"featured_media":0,"parent":379,"menu_order":123,"comment_status":"closed","ping_status":"closed","template":"","meta":{"ngg_post_thumbnail":0},"_links":{"self":[{"href":"http:\/\/szczescietymoje.pl\/main\/wp-json\/wp\/v2\/pages\/221"}],"collection":[{"href":"http:\/\/szczescietymoje.pl\/main\/wp-json\/wp\/v2\/pages"}],"about":[{"href":"http:\/\/szczescietymoje.pl\/main\/wp-json\/wp\/v2\/types\/page"}],"author":[{"embeddable":true,"href":"http:\/\/szczescietymoje.pl\/main\/wp-json\/wp\/v2\/users\/1"}],"replies":[{"embeddable":true,"href":"http:\/\/szczescietymoje.pl\/main\/wp-json\/wp\/v2\/comments?post=221"}],"version-history":[{"count":1,"href":"http:\/\/szczescietymoje.pl\/main\/wp-json\/wp\/v2\/pages\/221\/revisions"}],"predecessor-version":[{"id":7993,"href":"http:\/\/szczescietymoje.pl\/main\/wp-json\/wp\/v2\/pages\/221\/revisions\/7993"}],"up":[{"embeddable":true,"href":"http:\/\/szczescietymoje.pl\/main\/wp-json\/wp\/v2\/pages\/379"}],"wp:attachment":[{"href":"http:\/\/szczescietymoje.pl\/main\/wp-json\/wp\/v2\/media?parent=221"}],"curies":[{"name":"wp","href":"https:\/\/api.w.org\/{rel}","templated":true}]}}