{"id":10408,"date":"2021-09-22T20:51:31","date_gmt":"2021-09-22T18:51:31","guid":{"rendered":"http:\/\/szczescietymoje.pl\/main\/?page_id=10408"},"modified":"2022-06-14T18:57:36","modified_gmt":"2022-06-14T16:57:36","slug":"j-2021","status":"publish","type":"page","link":"http:\/\/szczescietymoje.pl\/main\/szczeniaki\/j-2021\/","title":{"rendered":"J &#8211; 2021"},"content":{"rendered":"\n<p class=\"p1\" style=\"text-align: center;\"><b>Miot J &#8211; urodzony 21 wrze\u015bnia 2021<br><\/b><b>Rodzice<\/b>:<br><b>Ojciec<\/b>: C.I.B., Multi Ch., M\u0142.Ch.Pl. <span style=\"color: #ff6600;\"><a style=\"color: #ff6600;\" href=\"https:\/\/www.facebook.com\/labradorandlagotto?locale=pl_PL\"><span class=\"s1\">ACHILLES Labkolandia<\/span><\/a><\/span><br><b>Matka<\/b>: C.I.B., Multi. G.Ch., Multi Ch., M\u0142.Ch.Pl. <span style=\"color: #ff6600;\"><a style=\"color: #ff6600;\" href=\"http:\/\/szczescietymoje.pl\/main\/lagotto-romagnolo\/marsala-2\/\"><span class=\"s1\">MARSALA Eminentia Canis<\/span><\/a><\/span><\/p>\nngg_shortcode_0_placeholder\nngg_shortcode_1_placeholder\n","protected":false},"excerpt":{"rendered":"<p>Miot J &#8211; urodzony 21 wrze\u015bnia 2021Rodzice:Ojciec: C.I.B., Multi Ch., M\u0142.Ch.Pl. ACHILLES LabkolandiaMatka: C.I.B., Multi. G.Ch., Multi Ch., M\u0142.Ch.Pl. MARSALA Eminentia Canis<\/p>\n","protected":false},"author":2,"featured_media":10999,"parent":42,"menu_order":138,"comment_status":"closed","ping_status":"closed","template":"","meta":{"ngg_post_thumbnail":0},"_links":{"self":[{"href":"http:\/\/szczescietymoje.pl\/main\/wp-json\/wp\/v2\/pages\/10408"}],"collection":[{"href":"http:\/\/szczescietymoje.pl\/main\/wp-json\/wp\/v2\/pages"}],"about":[{"href":"http:\/\/szczescietymoje.pl\/main\/wp-json\/wp\/v2\/types\/page"}],"author":[{"embeddable":true,"href":"http:\/\/szczescietymoje.pl\/main\/wp-json\/wp\/v2\/users\/2"}],"replies":[{"embeddable":true,"href":"http:\/\/szczescietymoje.pl\/main\/wp-json\/wp\/v2\/comments?post=10408"}],"version-history":[{"count":20,"href":"http:\/\/szczescietymoje.pl\/main\/wp-json\/wp\/v2\/pages\/10408\/revisions"}],"predecessor-version":[{"id":11236,"href":"http:\/\/szczescietymoje.pl\/main\/wp-json\/wp\/v2\/pages\/10408\/revisions\/11236"}],"up":[{"embeddable":true,"href":"http:\/\/szczescietymoje.pl\/main\/wp-json\/wp\/v2\/pages\/42"}],"wp:featuredmedia":[{"embeddable":true,"href":"http:\/\/szczescietymoje.pl\/main\/wp-json\/wp\/v2\/media\/10999"}],"wp:attachment":[{"href":"http:\/\/szczescietymoje.pl\/main\/wp-json\/wp\/v2\/media?parent=10408"}],"curies":[{"name":"wp","href":"https:\/\/api.w.org\/{rel}","templated":true}]}}